{"id":22,"date":"2023-10-02T09:17:59","date_gmt":"2023-10-02T09:17:59","guid":{"rendered":"http:\/\/dracistrakonice.local\/?page_id=22"},"modified":"2023-10-02T09:17:59","modified_gmt":"2023-10-02T09:17:59","slug":"dokumenty","status":"publish","type":"page","link":"https:\/\/dracistrakonice.cz\/?page_id=22","title":{"rendered":"Dokumenty"},"content":{"rendered":"\n<div class=\"wp-block-group alignwide has-global-padding is-layout-constrained wp-block-group-is-layout-constrained\">\n<h2 class=\"wp-block-heading\">Etick\u00fd kodex DRACI STRAKONICE<br><\/h2>\n\n\n\n<p>Etick\u00fd kodex spolku DRACI STRAKONICE, z.s. (d\u00e1le jen \u201espolek\u201c) je sportovn\u00ed, v\u00fdb\u011brov\u00e1, nepolitick\u00e1, z\u00e1jmov\u00e1 organizace, kter\u00e1 vznikla v roce 2021. Jedn\u00e1 se o samospr\u00e1vn\u00fd a dobrovoln\u00fd svazek \u010dlen\u016f, kte\u0159\u00ed provozuj\u00ed sport, turistiku, zimn\u00ed plav\u00e1n\u00ed a osv\u011btovou a vzd\u011bl\u00e1vac\u00ed \u010dinnost. V r\u00e1mci sv\u00e9 \u010dinnosti spolek zaji\u0161\u0165uje napl\u0148ov\u00e1n\u00ed jak vz\u00e1jemn\u011b prosp\u011b\u0161n\u00fdch c\u00edl\u016f sv\u00fdch \u010dlen\u016f, tak ve\u0159ejn\u011b prosp\u011b\u0161n\u00fdch c\u00edl\u016f sm\u011b\u0159uj\u00edc\u00edch v\u016f\u010di ve\u0159ejnosti. C\u00edlem spolku je popularizace dra\u010d\u00edch lod\u00ed ve Strakonic\u00edch, Ji\u017en\u00edch \u010cech\u00e1ch i v \u010cR a sou\u010dasn\u011b propagace otu\u017eov\u00e1n\u00ed a zimn\u00edho plav\u00e1n\u00ed. Za t\u00edmto \u00fa\u010delem spolek buduje \u010dlenskou z\u00e1kladnu, \u00fa\u010dastn\u00ed se z\u00e1vod\u016f a propaguje jak dra\u010d\u00ed sport, tak otu\u017eov\u00e1n\u00ed. Za \u00fa\u010delem udr\u017een\u00ed presti\u017ee a dobr\u00e9ho jm\u00e9na spolku klade spolek mimo\u0159\u00e1dn\u00fd d\u016fraz na profesionalitu a reprezentativnost chov\u00e1n\u00ed \u010dlen\u016f spolku, a to v minim\u00e1ln\u00edm rozsahu tak, jak je d\u00e1le stanoveno v kodexu. Poru\u0161en\u00ed kter\u00e9hokoli z n\u00ed\u017ee uveden\u00fdch bod\u016f m\u016f\u017ee v\u00e9st k rozhodnut\u00ed o vylou\u010den\u00ed \u010dlena spolku.<\/p>\n\n\n\n<p>\u2022\u010clenstv\u00ed ve spolku je dobrovoln\u00e9. Se vznikem \u010dlenstv\u00ed se \u010dlen zavazuje dodr\u017eovat pravidla etick\u00e9ho kodexu, stanov a db\u00e1t dobr\u00e9ho jm\u00e9na spolku. \u2022\u010clen spolku si je v v\u017edy pln\u011b v\u011bdom sv\u00e9ho chov\u00e1n\u00ed a dodr\u017euje z\u00e1sady dobr\u00fdch mrav\u016f a slu\u0161n\u00e9ho spole\u010densk\u00e9ho chov\u00e1n\u00ed, a to jak p\u0159i sv\u00e9m vystupov\u00e1n\u00ed na ve\u0159ejnosti po dobu \u00fa\u010dasti \u010dlena spolku na akci \u010di jin\u00e9 spole\u010densk\u00e9 akci, tak t\u00e9\u017e v r\u00e1mci jak\u00e9koli \u010dinnosti \u010dlena p\u0159\u00edmo \u010di nep\u0159\u00edmo souvisej\u00edc\u00ed s jeho \u010dlenstv\u00edm ve spolku.&nbsp;<br>\u2022\u010clen spolku nesd\u011bluje t\u0159et\u00edm osob\u00e1m jak\u00e9koli informace, kter\u00e9 by po\u0161kodily \u010dlena spolku \u010di spolek, kter\u00e9 by byly mohly ohrozit dobr\u00e9 jm\u00e9no, v\u00e1\u017enost, \u010dest \u010di d\u016fv\u011bryhodnost jin\u00e9ho \u010dlena spolku \u010di spolku jako takov\u00e9ho<br>\u2022\u010clen spolku je odpov\u011bdn\u00fd v\u0161em v\u00fdkonn\u00fdm slo\u017ek\u00e1m spolku, v\u010detn\u011b kapit\u00e1na. Kapit\u00e1n zodpov\u00edd\u00e1 za pos\u00e1dku, ur\u010duje sestavu, m\u00e1 pr\u00e1vo veta p\u0159ed z\u00e1vodem i v pr\u016fb\u011bhu. \u010clen se dr\u017e\u00ed hesla: \u201eCti sv\u00e9ho kapit\u00e1na\u201c.<br>\u2022P\u0159i tr\u00e9ninku vede lo\u010f i tr\u00e9nink zpravidla kormideln\u00edk nebo j\u00edm pov\u011b\u0159en\u00fd \u010dlen pos\u00e1dky. Kormideln\u00edk respektuje v maxim\u00e1ln\u00ed mo\u017en\u00e9 m\u00ed\u0159e pot\u0159eby, mo\u017enosti a po\u017eadavky pos\u00e1dky.&nbsp;<br>\u2022Nad r\u00e1mec v\u00fd\u0161e uveden\u00e9ho je v\u00fdslovn\u011b zak\u00e1z\u00e1no, aby \u010dlen na akci \u010di jin\u00e9 spole\u010densk\u00e9 akci:&nbsp;<\/p>\n\n\n\n<p>\u2022 podn\u011bcoval k nen\u00e1visti v jak\u00e9koli podob\u011b (rasov\u00e9, n\u00e1rodnostn\u00ed, genderov\u00e9 \u010di jak\u00e9koli jin\u00e9 spole\u010densk\u00e9 nesn\u00e1\u0161enlivosti)<br>\u2022 u\u017e\u00edval n\u00e1sil\u00ed \u010di jednal se z\u00e1m\u011brem jej vyvolat<br>\u2022 u\u017e\u00edval slovn\u00ed \u010di fyzick\u00e9 vulg\u00e1rn\u00ed projevy, jakkoliv ur\u00e1\u017eel ostatn\u00ed \u00fa\u010dastn\u00edky akce \u010di jin\u00e9 osoby<br>\u2022 nedodr\u017eoval z\u00e1sady spole\u010densk\u00e9ho chov\u00e1n\u00ed, jakkoliv obt\u011b\u017eoval sv\u00fdmi projevy ostatn\u00ed \u00fa\u010dastn\u00edky akce \u010di tr\u00e9ninku (\u0161\u00ed\u0159it negativn\u00ed a pora\u017eeneckou n\u00e1ladu a demotivovat ostatn\u00ed \u010dleny spolku).<\/p>\n\n\n\n<p>Tento kodex byl vyd\u00e1n p\u0159edstavenstvem spolku a schv\u00e1len \u010dleny spolku na sch\u016fzi 21.11.2021. Souhlas s vyd\u00e1n\u00edm kodexu ud\u011blila Kontroln\u00ed komise spolku dne 21.11.2021 Tento kodex nab\u00fdv\u00e1 \u00fa\u010dinnosti uplynut\u00edm 15 dn\u016f po jeho schv\u00e1len\u00edm \u010dlenskou sch\u016fz\u00ed a distribuc\u00ed \u010dlen\u016fm spolku.<\/p>\n<\/div>\n","protected":false},"excerpt":{"rendered":"<p>Etick\u00fd kodex DRACI STRAKONICE Etick\u00fd kodex spolku DRACI STRAKONICE, z.s. (d\u00e1le jen \u201espolek\u201c) je sportovn\u00ed, v\u00fdb\u011brov\u00e1, nepolitick\u00e1, z\u00e1jmov\u00e1 organizace, kter\u00e1 vznikla v roce 2021. Jedn\u00e1 se o samospr\u00e1vn\u00fd a dobrovoln\u00fd svazek \u010dlen\u016f, kte\u0159\u00ed provozuj\u00ed sport, turistiku, zimn\u00ed plav\u00e1n\u00ed a osv\u011btovou a vzd\u011bl\u00e1vac\u00ed \u010dinnost. V r\u00e1mci sv\u00e9 \u010dinnosti spolek zaji\u0161\u0165uje napl\u0148ov\u00e1n\u00ed jak vz\u00e1jemn\u011b prosp\u011b\u0161n\u00fdch c\u00edl\u016f sv\u00fdch [&hellip;]<\/p>\n","protected":false},"author":1,"featured_media":0,"parent":0,"menu_order":0,"comment_status":"closed","ping_status":"closed","template":"","meta":{"footnotes":""},"class_list":["post-22","page","type-page","status-publish","hentry"],"yoast_head":"<!-- This site is optimized with the Yoast SEO plugin v22.9 - https:\/\/yoast.com\/wordpress\/plugins\/seo\/ -->\n<title>Dokumenty - Draci Strakonice<\/title>\n<meta name=\"robots\" content=\"index, follow, max-snippet:-1, max-image-preview:large, max-video-preview:-1\" \/>\n<link rel=\"canonical\" href=\"https:\/\/dracistrakonice.cz\/?page_id=22\" \/>\n<meta property=\"og:locale\" content=\"cs_CZ\" \/>\n<meta property=\"og:type\" content=\"article\" \/>\n<meta property=\"og:title\" content=\"Dokumenty - Draci Strakonice\" \/>\n<meta property=\"og:description\" content=\"Etick\u00fd kodex DRACI STRAKONICE Etick\u00fd kodex spolku DRACI STRAKONICE, z.s. (d\u00e1le jen \u201espolek\u201c) je sportovn\u00ed, v\u00fdb\u011brov\u00e1, nepolitick\u00e1, z\u00e1jmov\u00e1 organizace, kter\u00e1 vznikla v roce 2021. Jedn\u00e1 se o samospr\u00e1vn\u00fd a dobrovoln\u00fd svazek \u010dlen\u016f, kte\u0159\u00ed provozuj\u00ed sport, turistiku, zimn\u00ed plav\u00e1n\u00ed a osv\u011btovou a vzd\u011bl\u00e1vac\u00ed \u010dinnost. V r\u00e1mci sv\u00e9 \u010dinnosti spolek zaji\u0161\u0165uje napl\u0148ov\u00e1n\u00ed jak vz\u00e1jemn\u011b prosp\u011b\u0161n\u00fdch c\u00edl\u016f sv\u00fdch [&hellip;]\" \/>\n<meta property=\"og:url\" content=\"https:\/\/dracistrakonice.cz\/?page_id=22\" \/>\n<meta property=\"og:site_name\" content=\"Draci Strakonice\" \/>\n<meta name=\"twitter:card\" content=\"summary_large_image\" \/>\n<meta name=\"twitter:label1\" content=\"Odhadovan\u00e1 doba \u010dten\u00ed\" \/>\n\t<meta name=\"twitter:data1\" content=\"3 minuty\" \/>\n<script type=\"application\/ld+json\" class=\"yoast-schema-graph\">{\"@context\":\"https:\/\/schema.org\",\"@graph\":[{\"@type\":\"WebPage\",\"@id\":\"https:\/\/dracistrakonice.cz\/?page_id=22\",\"url\":\"https:\/\/dracistrakonice.cz\/?page_id=22\",\"name\":\"Dokumenty - Draci Strakonice\",\"isPartOf\":{\"@id\":\"https:\/\/dracistrakonice.cz\/#website\"},\"datePublished\":\"2023-10-02T09:17:59+00:00\",\"dateModified\":\"2023-10-02T09:17:59+00:00\",\"breadcrumb\":{\"@id\":\"https:\/\/dracistrakonice.cz\/?page_id=22#breadcrumb\"},\"inLanguage\":\"cs\",\"potentialAction\":[{\"@type\":\"ReadAction\",\"target\":[\"https:\/\/dracistrakonice.cz\/?page_id=22\"]}]},{\"@type\":\"BreadcrumbList\",\"@id\":\"https:\/\/dracistrakonice.cz\/?page_id=22#breadcrumb\",\"itemListElement\":[{\"@type\":\"ListItem\",\"position\":1,\"name\":\"Dom\u016f\",\"item\":\"https:\/\/dracistrakonice.cz\/\"},{\"@type\":\"ListItem\",\"position\":2,\"name\":\"Dokumenty\"}]},{\"@type\":\"WebSite\",\"@id\":\"https:\/\/dracistrakonice.cz\/#website\",\"url\":\"https:\/\/dracistrakonice.cz\/\",\"name\":\"Draci Strakonice\",\"description\":\"\",\"publisher\":{\"@id\":\"https:\/\/dracistrakonice.cz\/#organization\"},\"potentialAction\":[{\"@type\":\"SearchAction\",\"target\":{\"@type\":\"EntryPoint\",\"urlTemplate\":\"https:\/\/dracistrakonice.cz\/?s={search_term_string}\"},\"query-input\":\"required name=search_term_string\"}],\"inLanguage\":\"cs\"},{\"@type\":\"Organization\",\"@id\":\"https:\/\/dracistrakonice.cz\/#organization\",\"name\":\"Draci Strakonice\",\"url\":\"https:\/\/dracistrakonice.cz\/\",\"logo\":{\"@type\":\"ImageObject\",\"inLanguage\":\"cs\",\"@id\":\"https:\/\/dracistrakonice.cz\/#\/schema\/logo\/image\/\",\"url\":\"https:\/\/dracistrakonice.cz\/wp-content\/uploads\/2024\/02\/Draci-Strakonice.png\",\"contentUrl\":\"https:\/\/dracistrakonice.cz\/wp-content\/uploads\/2024\/02\/Draci-Strakonice.png\",\"width\":500,\"height\":500,\"caption\":\"Draci Strakonice\"},\"image\":{\"@id\":\"https:\/\/dracistrakonice.cz\/#\/schema\/logo\/image\/\"}}]}<\/script>\n<!-- \/ Yoast SEO plugin. -->","yoast_head_json":{"title":"Dokumenty - Draci Strakonice","robots":{"index":"index","follow":"follow","max-snippet":"max-snippet:-1","max-image-preview":"max-image-preview:large","max-video-preview":"max-video-preview:-1"},"canonical":"https:\/\/dracistrakonice.cz\/?page_id=22","og_locale":"cs_CZ","og_type":"article","og_title":"Dokumenty - Draci Strakonice","og_description":"Etick\u00fd kodex DRACI STRAKONICE Etick\u00fd kodex spolku DRACI STRAKONICE, z.s. (d\u00e1le jen \u201espolek\u201c) je sportovn\u00ed, v\u00fdb\u011brov\u00e1, nepolitick\u00e1, z\u00e1jmov\u00e1 organizace, kter\u00e1 vznikla v roce 2021. Jedn\u00e1 se o samospr\u00e1vn\u00fd a dobrovoln\u00fd svazek \u010dlen\u016f, kte\u0159\u00ed provozuj\u00ed sport, turistiku, zimn\u00ed plav\u00e1n\u00ed a osv\u011btovou a vzd\u011bl\u00e1vac\u00ed \u010dinnost. V r\u00e1mci sv\u00e9 \u010dinnosti spolek zaji\u0161\u0165uje napl\u0148ov\u00e1n\u00ed jak vz\u00e1jemn\u011b prosp\u011b\u0161n\u00fdch c\u00edl\u016f sv\u00fdch [&hellip;]","og_url":"https:\/\/dracistrakonice.cz\/?page_id=22","og_site_name":"Draci Strakonice","twitter_card":"summary_large_image","twitter_misc":{"Odhadovan\u00e1 doba \u010dten\u00ed":"3 minuty"},"schema":{"@context":"https:\/\/schema.org","@graph":[{"@type":"WebPage","@id":"https:\/\/dracistrakonice.cz\/?page_id=22","url":"https:\/\/dracistrakonice.cz\/?page_id=22","name":"Dokumenty - Draci Strakonice","isPartOf":{"@id":"https:\/\/dracistrakonice.cz\/#website"},"datePublished":"2023-10-02T09:17:59+00:00","dateModified":"2023-10-02T09:17:59+00:00","breadcrumb":{"@id":"https:\/\/dracistrakonice.cz\/?page_id=22#breadcrumb"},"inLanguage":"cs","potentialAction":[{"@type":"ReadAction","target":["https:\/\/dracistrakonice.cz\/?page_id=22"]}]},{"@type":"BreadcrumbList","@id":"https:\/\/dracistrakonice.cz\/?page_id=22#breadcrumb","itemListElement":[{"@type":"ListItem","position":1,"name":"Dom\u016f","item":"https:\/\/dracistrakonice.cz\/"},{"@type":"ListItem","position":2,"name":"Dokumenty"}]},{"@type":"WebSite","@id":"https:\/\/dracistrakonice.cz\/#website","url":"https:\/\/dracistrakonice.cz\/","name":"Draci Strakonice","description":"","publisher":{"@id":"https:\/\/dracistrakonice.cz\/#organization"},"potentialAction":[{"@type":"SearchAction","target":{"@type":"EntryPoint","urlTemplate":"https:\/\/dracistrakonice.cz\/?s={search_term_string}"},"query-input":"required name=search_term_string"}],"inLanguage":"cs"},{"@type":"Organization","@id":"https:\/\/dracistrakonice.cz\/#organization","name":"Draci Strakonice","url":"https:\/\/dracistrakonice.cz\/","logo":{"@type":"ImageObject","inLanguage":"cs","@id":"https:\/\/dracistrakonice.cz\/#\/schema\/logo\/image\/","url":"https:\/\/dracistrakonice.cz\/wp-content\/uploads\/2024\/02\/Draci-Strakonice.png","contentUrl":"https:\/\/dracistrakonice.cz\/wp-content\/uploads\/2024\/02\/Draci-Strakonice.png","width":500,"height":500,"caption":"Draci Strakonice"},"image":{"@id":"https:\/\/dracistrakonice.cz\/#\/schema\/logo\/image\/"}}]}},"_links":{"self":[{"href":"https:\/\/dracistrakonice.cz\/index.php?rest_route=\/wp\/v2\/pages\/22","targetHints":{"allow":["GET"]}}],"collection":[{"href":"https:\/\/dracistrakonice.cz\/index.php?rest_route=\/wp\/v2\/pages"}],"about":[{"href":"https:\/\/dracistrakonice.cz\/index.php?rest_route=\/wp\/v2\/types\/page"}],"author":[{"embeddable":true,"href":"https:\/\/dracistrakonice.cz\/index.php?rest_route=\/wp\/v2\/users\/1"}],"replies":[{"embeddable":true,"href":"https:\/\/dracistrakonice.cz\/index.php?rest_route=%2Fwp%2Fv2%2Fcomments&post=22"}],"version-history":[{"count":0,"href":"https:\/\/dracistrakonice.cz\/index.php?rest_route=\/wp\/v2\/pages\/22\/revisions"}],"wp:attachment":[{"href":"https:\/\/dracistrakonice.cz\/index.php?rest_route=%2Fwp%2Fv2%2Fmedia&parent=22"}],"curies":[{"name":"wp","href":"https:\/\/api.w.org\/{rel}","templated":true}]}}