{"id":15,"date":"2023-10-02T09:17:35","date_gmt":"2023-10-02T09:17:35","guid":{"rendered":"http:\/\/dracistrakonice.local\/?page_id=15"},"modified":"2024-02-26T19:32:54","modified_gmt":"2024-02-26T19:32:54","slug":"aktualne","status":"publish","type":"page","link":"https:\/\/dracistrakonice.cz\/?page_id=15","title":{"rendered":"Aktu\u00e1ln\u011b"},"content":{"rendered":"\n<div class=\"wp-block-query alignwide is-layout-flow wp-block-query-is-layout-flow\"><ul class=\"columns-2 wp-block-post-template is-layout-grid wp-container-core-post-template-is-layout-523d4961 wp-block-post-template-is-layout-grid\"><li class=\"wp-block-post post-367 post type-post status-publish format-standard has-post-thumbnail hentry category-uncategorized\">\n<h2 class=\"wp-block-post-title\"><a href=\"https:\/\/dracistrakonice.cz\/?p=367\" target=\"_self\" >\u00da\u010dast na Vogalonge<\/a><\/h2>\n\n<figure class=\"alignwide wp-block-post-featured-image\"><a href=\"https:\/\/dracistrakonice.cz\/?p=367\" target=\"_self\"  ><img loading=\"lazy\" decoding=\"async\" width=\"2000\" height=\"1125\" src=\"https:\/\/dracistrakonice.cz\/wp-content\/uploads\/2024\/09\/WhatsApp-Image-2024-09-10-at-09.10.45.jpeg\" class=\"attachment-post-thumbnail size-post-thumbnail wp-post-image\" alt=\"\u00da\u010dast na Vogalonge\" style=\"object-fit:cover;\" srcset=\"https:\/\/dracistrakonice.cz\/wp-content\/uploads\/2024\/09\/WhatsApp-Image-2024-09-10-at-09.10.45.jpeg 2000w, https:\/\/dracistrakonice.cz\/wp-content\/uploads\/2024\/09\/WhatsApp-Image-2024-09-10-at-09.10.45-300x169.jpeg 300w, https:\/\/dracistrakonice.cz\/wp-content\/uploads\/2024\/09\/WhatsApp-Image-2024-09-10-at-09.10.45-1024x576.jpeg 1024w, https:\/\/dracistrakonice.cz\/wp-content\/uploads\/2024\/09\/WhatsApp-Image-2024-09-10-at-09.10.45-768x432.jpeg 768w, https:\/\/dracistrakonice.cz\/wp-content\/uploads\/2024\/09\/WhatsApp-Image-2024-09-10-at-09.10.45-1536x864.jpeg 1536w\" sizes=\"auto, (max-width: 2000px) 100vw, 2000px\" \/><\/a><\/figure>\n\n<div class=\"wp-block-post-excerpt\"><p class=\"wp-block-post-excerpt__excerpt\">&#8222;\u00da\u010dast na Vogalonge&#8220; byla podpo\u0159ena z Jiho\u010desk\u00e9ho kraje dotac\u00ed Podpora sportovn\u00edch aktivit &#8211; opat\u0159en\u00ed 2 &#8211; Mezin\u00e1rodn\u00ed aktivity v oblasti sportu reg.\u010d. 478-02-024\/24 <\/p><\/div>\n\n\n<hr class=\"wp-block-separator has-css-opacity\"\/>\n\n\n<div class=\"wp-block-post-date\"><time datetime=\"2024-09-10T13:35:00+00:00\">10 z\u00e1\u0159\u00ed, 2024<\/time><\/div>\n<\/li><li class=\"wp-block-post post-303 post type-post status-publish format-standard has-post-thumbnail hentry category-uncategorized\">\n<h2 class=\"wp-block-post-title\"><a href=\"https:\/\/dracistrakonice.cz\/?p=303\" target=\"_self\" >Nadace \u010cEZ<\/a><\/h2>\n\n<figure class=\"alignwide wp-block-post-featured-image\"><a href=\"https:\/\/dracistrakonice.cz\/?p=303\" target=\"_self\"  ><img loading=\"lazy\" decoding=\"async\" width=\"1505\" height=\"887\" src=\"https:\/\/dracistrakonice.cz\/wp-content\/uploads\/2024\/02\/Nadace-CEZ-logo.png\" class=\"attachment-post-thumbnail size-post-thumbnail wp-post-image\" alt=\"Nadace \u010cEZ\" style=\"object-fit:cover;\" srcset=\"https:\/\/dracistrakonice.cz\/wp-content\/uploads\/2024\/02\/Nadace-CEZ-logo.png 1505w, https:\/\/dracistrakonice.cz\/wp-content\/uploads\/2024\/02\/Nadace-CEZ-logo-300x177.png 300w, https:\/\/dracistrakonice.cz\/wp-content\/uploads\/2024\/02\/Nadace-CEZ-logo-1024x604.png 1024w, https:\/\/dracistrakonice.cz\/wp-content\/uploads\/2024\/02\/Nadace-CEZ-logo-768x453.png 768w\" sizes=\"auto, (max-width: 1505px) 100vw, 1505px\" \/><\/a><\/figure>\n\n<div class=\"wp-block-post-excerpt\"><p class=\"wp-block-post-excerpt__excerpt\">D\u00edky nadaci \u010cEZ jsme po\u0159\u00eddili druhou malou dra\u010d\u00ed lo\u010f. D\u011bkujeme. <\/p><\/div>\n\n\n<hr class=\"wp-block-separator has-css-opacity\"\/>\n\n\n<div class=\"wp-block-post-date\"><time datetime=\"2024-02-25T01:19:37+00:00\">25 \u00fanora, 2024<\/time><\/div>\n<\/li><li class=\"wp-block-post post-299 post type-post status-publish format-standard has-post-thumbnail hentry category-uncategorized\">\n<h2 class=\"wp-block-post-title\"><a href=\"https:\/\/dracistrakonice.cz\/?p=299\" target=\"_self\" >Dotace od Jiho\u010desk\u00e9ho kraje<\/a><\/h2>\n\n<figure class=\"alignwide wp-block-post-featured-image\"><a href=\"https:\/\/dracistrakonice.cz\/?p=299\" target=\"_self\"  ><img loading=\"lazy\" decoding=\"async\" width=\"1237\" height=\"543\" src=\"https:\/\/dracistrakonice.cz\/wp-content\/uploads\/2024\/02\/JCKlogo.jpg\" class=\"attachment-post-thumbnail size-post-thumbnail wp-post-image\" alt=\"Dotace od Jiho\u010desk\u00e9ho kraje\" style=\"object-fit:cover;\" srcset=\"https:\/\/dracistrakonice.cz\/wp-content\/uploads\/2024\/02\/JCKlogo.jpg 1237w, https:\/\/dracistrakonice.cz\/wp-content\/uploads\/2024\/02\/JCKlogo-300x132.jpg 300w, https:\/\/dracistrakonice.cz\/wp-content\/uploads\/2024\/02\/JCKlogo-1024x450.jpg 1024w, https:\/\/dracistrakonice.cz\/wp-content\/uploads\/2024\/02\/JCKlogo-768x337.jpg 768w\" sizes=\"auto, (max-width: 1237px) 100vw, 1237px\" \/><\/a><\/figure>\n\n<div class=\"wp-block-post-excerpt\"><p class=\"wp-block-post-excerpt__excerpt\">D\u011bkujeme Jiho\u010desk\u00e9mu kraji za podporu projektu: \u201ePodpora sportovn\u00ed \u010dinnosti ml\u00e1de\u017ee Draci Strakonice v r. 2022\/2023&#8243;. D\u00edky podpo\u0159e Jiho\u010desk\u00e9ho kraje jsme mohli podpo\u0159it na\u0161e mlad\u00e9 \u010dleny. D\u011bkujeme DRACI STRAKONICE. <\/p><\/div>\n\n\n<hr class=\"wp-block-separator has-css-opacity\"\/>\n\n\n<div class=\"wp-block-post-date\"><time datetime=\"2024-02-25T01:15:48+00:00\">25 \u00fanora, 2024<\/time><\/div>\n<\/li><li class=\"wp-block-post post-297 post type-post status-publish format-standard has-post-thumbnail hentry category-uncategorized\">\n<h2 class=\"wp-block-post-title\"><a href=\"https:\/\/dracistrakonice.cz\/?p=297\" target=\"_self\" >Z\u00e1vody ve Strakonic\u00edch 2022<\/a><\/h2>\n\n<figure class=\"alignwide wp-block-post-featured-image\"><a href=\"https:\/\/dracistrakonice.cz\/?p=297\" target=\"_self\"  ><img loading=\"lazy\" decoding=\"async\" width=\"1392\" height=\"919\" src=\"https:\/\/dracistrakonice.cz\/wp-content\/uploads\/2024\/02\/IMG-20210904-WA0003.jpg\" class=\"attachment-post-thumbnail size-post-thumbnail wp-post-image\" alt=\"Z\u00e1vody ve Strakonic\u00edch 2022\" style=\"object-fit:cover;\" srcset=\"https:\/\/dracistrakonice.cz\/wp-content\/uploads\/2024\/02\/IMG-20210904-WA0003.jpg 1392w, https:\/\/dracistrakonice.cz\/wp-content\/uploads\/2024\/02\/IMG-20210904-WA0003-300x198.jpg 300w, https:\/\/dracistrakonice.cz\/wp-content\/uploads\/2024\/02\/IMG-20210904-WA0003-1024x676.jpg 1024w, https:\/\/dracistrakonice.cz\/wp-content\/uploads\/2024\/02\/IMG-20210904-WA0003-768x507.jpg 768w\" sizes=\"auto, (max-width: 1392px) 100vw, 1392px\" \/><\/a><\/figure>\n\n<div class=\"wp-block-post-excerpt\"><p class=\"wp-block-post-excerpt__excerpt\">9. 2022 jsme se z\u00fa\u010dastnili z\u00e1vodu ve Strakonic\u00edch. Dostavili jsme se v hojn\u00e9m po\u010dtu 5-ti pos\u00e1dek. Zv\u00edt\u011bzili jsme v p\u011bti kategori\u00edch. <\/p><\/div>\n\n\n<hr class=\"wp-block-separator has-css-opacity\"\/>\n\n\n<div class=\"wp-block-post-date\"><time datetime=\"2024-02-25T01:12:00+00:00\">25 \u00fanora, 2024<\/time><\/div>\n<\/li><li class=\"wp-block-post post-294 post type-post status-publish format-standard has-post-thumbnail hentry category-uncategorized\">\n<h2 class=\"wp-block-post-title\"><a href=\"https:\/\/dracistrakonice.cz\/?p=294\" target=\"_self\" >Bezdrev 2022<\/a><\/h2>\n\n<figure class=\"alignwide wp-block-post-featured-image\"><a href=\"https:\/\/dracistrakonice.cz\/?p=294\" target=\"_self\"  ><img loading=\"lazy\" decoding=\"async\" width=\"1024\" height=\"768\" src=\"https:\/\/dracistrakonice.cz\/wp-content\/uploads\/2024\/02\/a33573dc-0fce-4031-93b7-da86bb13027d-1.jpg\" class=\"attachment-post-thumbnail size-post-thumbnail wp-post-image\" alt=\"Bezdrev 2022\" style=\"object-fit:cover;\" srcset=\"https:\/\/dracistrakonice.cz\/wp-content\/uploads\/2024\/02\/a33573dc-0fce-4031-93b7-da86bb13027d-1.jpg 1024w, https:\/\/dracistrakonice.cz\/wp-content\/uploads\/2024\/02\/a33573dc-0fce-4031-93b7-da86bb13027d-1-300x225.jpg 300w, https:\/\/dracistrakonice.cz\/wp-content\/uploads\/2024\/02\/a33573dc-0fce-4031-93b7-da86bb13027d-1-768x576.jpg 768w\" sizes=\"auto, (max-width: 1024px) 100vw, 1024px\" \/><\/a><\/figure>\n\n<div class=\"wp-block-post-excerpt\"><p class=\"wp-block-post-excerpt__excerpt\">8. 2022 n\u00e1s p\u0159iv\u00edtala rozlehl\u00e1 vodn\u00ed plocha bezdrevsk\u00e9ho rybn\u00edku. A\u017e na kr\u00e1tk\u00e9, ale zato vydatn\u00e9, p\u0159eh\u00e1\u0148ky se z\u00e1vod vyda\u0159il. <\/p><\/div>\n\n\n<hr class=\"wp-block-separator has-css-opacity\"\/>\n\n\n<div class=\"wp-block-post-date\"><time datetime=\"2024-02-25T01:10:13+00:00\">25 \u00fanora, 2024<\/time><\/div>\n<\/li><\/ul><\/div>\n","protected":false},"excerpt":{"rendered":"","protected":false},"author":1,"featured_media":0,"parent":0,"menu_order":0,"comment_status":"closed","ping_status":"closed","template":"","meta":{"footnotes":""},"class_list":["post-15","page","type-page","status-publish","hentry"],"yoast_head":"<!-- This site is optimized with the Yoast SEO plugin v22.9 - https:\/\/yoast.com\/wordpress\/plugins\/seo\/ -->\n<title>Aktu\u00e1ln\u011b - Draci Strakonice<\/title>\n<meta name=\"robots\" content=\"index, follow, max-snippet:-1, max-image-preview:large, max-video-preview:-1\" \/>\n<link rel=\"canonical\" href=\"https:\/\/dracistrakonice.cz\/?page_id=15\" \/>\n<meta property=\"og:locale\" content=\"cs_CZ\" \/>\n<meta property=\"og:type\" content=\"article\" \/>\n<meta property=\"og:title\" content=\"Aktu\u00e1ln\u011b - Draci Strakonice\" \/>\n<meta property=\"og:url\" content=\"https:\/\/dracistrakonice.cz\/?page_id=15\" \/>\n<meta property=\"og:site_name\" content=\"Draci Strakonice\" \/>\n<meta property=\"article:modified_time\" content=\"2024-02-26T19:32:54+00:00\" \/>\n<meta name=\"twitter:card\" content=\"summary_large_image\" \/>\n<script type=\"application\/ld+json\" class=\"yoast-schema-graph\">{\"@context\":\"https:\/\/schema.org\",\"@graph\":[{\"@type\":\"WebPage\",\"@id\":\"https:\/\/dracistrakonice.cz\/?page_id=15\",\"url\":\"https:\/\/dracistrakonice.cz\/?page_id=15\",\"name\":\"Aktu\u00e1ln\u011b - Draci Strakonice\",\"isPartOf\":{\"@id\":\"https:\/\/dracistrakonice.cz\/#website\"},\"datePublished\":\"2023-10-02T09:17:35+00:00\",\"dateModified\":\"2024-02-26T19:32:54+00:00\",\"breadcrumb\":{\"@id\":\"https:\/\/dracistrakonice.cz\/?page_id=15#breadcrumb\"},\"inLanguage\":\"cs\",\"potentialAction\":[{\"@type\":\"ReadAction\",\"target\":[\"https:\/\/dracistrakonice.cz\/?page_id=15\"]}]},{\"@type\":\"BreadcrumbList\",\"@id\":\"https:\/\/dracistrakonice.cz\/?page_id=15#breadcrumb\",\"itemListElement\":[{\"@type\":\"ListItem\",\"position\":1,\"name\":\"Dom\u016f\",\"item\":\"https:\/\/dracistrakonice.cz\/\"},{\"@type\":\"ListItem\",\"position\":2,\"name\":\"Aktu\u00e1ln\u011b\"}]},{\"@type\":\"WebSite\",\"@id\":\"https:\/\/dracistrakonice.cz\/#website\",\"url\":\"https:\/\/dracistrakonice.cz\/\",\"name\":\"Draci Strakonice\",\"description\":\"\",\"publisher\":{\"@id\":\"https:\/\/dracistrakonice.cz\/#organization\"},\"potentialAction\":[{\"@type\":\"SearchAction\",\"target\":{\"@type\":\"EntryPoint\",\"urlTemplate\":\"https:\/\/dracistrakonice.cz\/?s={search_term_string}\"},\"query-input\":\"required name=search_term_string\"}],\"inLanguage\":\"cs\"},{\"@type\":\"Organization\",\"@id\":\"https:\/\/dracistrakonice.cz\/#organization\",\"name\":\"Draci Strakonice\",\"url\":\"https:\/\/dracistrakonice.cz\/\",\"logo\":{\"@type\":\"ImageObject\",\"inLanguage\":\"cs\",\"@id\":\"https:\/\/dracistrakonice.cz\/#\/schema\/logo\/image\/\",\"url\":\"https:\/\/dracistrakonice.cz\/wp-content\/uploads\/2024\/02\/Draci-Strakonice.png\",\"contentUrl\":\"https:\/\/dracistrakonice.cz\/wp-content\/uploads\/2024\/02\/Draci-Strakonice.png\",\"width\":500,\"height\":500,\"caption\":\"Draci Strakonice\"},\"image\":{\"@id\":\"https:\/\/dracistrakonice.cz\/#\/schema\/logo\/image\/\"}}]}<\/script>\n<!-- \/ Yoast SEO plugin. -->","yoast_head_json":{"title":"Aktu\u00e1ln\u011b - Draci Strakonice","robots":{"index":"index","follow":"follow","max-snippet":"max-snippet:-1","max-image-preview":"max-image-preview:large","max-video-preview":"max-video-preview:-1"},"canonical":"https:\/\/dracistrakonice.cz\/?page_id=15","og_locale":"cs_CZ","og_type":"article","og_title":"Aktu\u00e1ln\u011b - Draci Strakonice","og_url":"https:\/\/dracistrakonice.cz\/?page_id=15","og_site_name":"Draci Strakonice","article_modified_time":"2024-02-26T19:32:54+00:00","twitter_card":"summary_large_image","schema":{"@context":"https:\/\/schema.org","@graph":[{"@type":"WebPage","@id":"https:\/\/dracistrakonice.cz\/?page_id=15","url":"https:\/\/dracistrakonice.cz\/?page_id=15","name":"Aktu\u00e1ln\u011b - Draci Strakonice","isPartOf":{"@id":"https:\/\/dracistrakonice.cz\/#website"},"datePublished":"2023-10-02T09:17:35+00:00","dateModified":"2024-02-26T19:32:54+00:00","breadcrumb":{"@id":"https:\/\/dracistrakonice.cz\/?page_id=15#breadcrumb"},"inLanguage":"cs","potentialAction":[{"@type":"ReadAction","target":["https:\/\/dracistrakonice.cz\/?page_id=15"]}]},{"@type":"BreadcrumbList","@id":"https:\/\/dracistrakonice.cz\/?page_id=15#breadcrumb","itemListElement":[{"@type":"ListItem","position":1,"name":"Dom\u016f","item":"https:\/\/dracistrakonice.cz\/"},{"@type":"ListItem","position":2,"name":"Aktu\u00e1ln\u011b"}]},{"@type":"WebSite","@id":"https:\/\/dracistrakonice.cz\/#website","url":"https:\/\/dracistrakonice.cz\/","name":"Draci Strakonice","description":"","publisher":{"@id":"https:\/\/dracistrakonice.cz\/#organization"},"potentialAction":[{"@type":"SearchAction","target":{"@type":"EntryPoint","urlTemplate":"https:\/\/dracistrakonice.cz\/?s={search_term_string}"},"query-input":"required name=search_term_string"}],"inLanguage":"cs"},{"@type":"Organization","@id":"https:\/\/dracistrakonice.cz\/#organization","name":"Draci Strakonice","url":"https:\/\/dracistrakonice.cz\/","logo":{"@type":"ImageObject","inLanguage":"cs","@id":"https:\/\/dracistrakonice.cz\/#\/schema\/logo\/image\/","url":"https:\/\/dracistrakonice.cz\/wp-content\/uploads\/2024\/02\/Draci-Strakonice.png","contentUrl":"https:\/\/dracistrakonice.cz\/wp-content\/uploads\/2024\/02\/Draci-Strakonice.png","width":500,"height":500,"caption":"Draci Strakonice"},"image":{"@id":"https:\/\/dracistrakonice.cz\/#\/schema\/logo\/image\/"}}]}},"_links":{"self":[{"href":"https:\/\/dracistrakonice.cz\/index.php?rest_route=\/wp\/v2\/pages\/15","targetHints":{"allow":["GET"]}}],"collection":[{"href":"https:\/\/dracistrakonice.cz\/index.php?rest_route=\/wp\/v2\/pages"}],"about":[{"href":"https:\/\/dracistrakonice.cz\/index.php?rest_route=\/wp\/v2\/types\/page"}],"author":[{"embeddable":true,"href":"https:\/\/dracistrakonice.cz\/index.php?rest_route=\/wp\/v2\/users\/1"}],"replies":[{"embeddable":true,"href":"https:\/\/dracistrakonice.cz\/index.php?rest_route=%2Fwp%2Fv2%2Fcomments&post=15"}],"version-history":[{"count":2,"href":"https:\/\/dracistrakonice.cz\/index.php?rest_route=\/wp\/v2\/pages\/15\/revisions"}],"predecessor-version":[{"id":307,"href":"https:\/\/dracistrakonice.cz\/index.php?rest_route=\/wp\/v2\/pages\/15\/revisions\/307"}],"wp:attachment":[{"href":"https:\/\/dracistrakonice.cz\/index.php?rest_route=%2Fwp%2Fv2%2Fmedia&parent=15"}],"curies":[{"name":"wp","href":"https:\/\/api.w.org\/{rel}","templated":true}]}}